{"id":870,"date":"2022-07-06T09:58:20","date_gmt":"2022-07-06T07:58:20","guid":{"rendered":"http:\/\/fundacjanobis.pl\/?page_id=870"},"modified":"2026-01-02T19:00:00","modified_gmt":"2026-01-02T18:00:00","slug":"statut-fundacji","status":"publish","type":"page","link":"https:\/\/fundacjanobis.pl\/index.php\/statut-fundacji\/","title":{"rendered":"Statut Fundacji"},"content":{"rendered":"\t\t<div data-elementor-type=\"wp-page\" data-elementor-id=\"870\" class=\"elementor elementor-870\">\n\t\t\t\t\t\t<section class=\"elementor-section elementor-top-section elementor-element elementor-element-4521d23 elementor-section-boxed elementor-section-height-default elementor-section-height-default row-top\" data-id=\"4521d23\" data-element_type=\"section\" data-e-type=\"section\">\n\t\t\t\t\t\t<div class=\"elementor-container elementor-column-gap-default\">\n\t\t\t\t\t<div class=\"elementor-column elementor-col-100 elementor-top-column elementor-element elementor-element-549babd column-style-top\" data-id=\"549babd\" data-element_type=\"column\" data-e-type=\"column\">\n\t\t\t<div class=\"elementor-widget-wrap elementor-element-populated\">\n\t\t\t\t\t\t<div class=\"elementor-element elementor-element-468836a elementor-widget elementor-widget-text-editor\" data-id=\"468836a\" data-element_type=\"widget\" data-e-type=\"widget\" data-widget_type=\"text-editor.default\">\n\t\t\t\t<div class=\"elementor-widget-container\">\n\t\t\t\t\t\t\t\t\t<ul><li><a href=\"https:\/\/fundacjanobis.pl\/wp-content\/uploads\/2020\/12\/Statut01.01.2026_20260102_0001.pdf\">Statut Fundacji Nobis<\/a> (Za\u0142\u0105cznik do Uchwa\u0142y nr. 01\/2026 Zarz\u0105du Fundacji NOBIS z siedzib\u0105 w Gda\u0144sku z dnia 01.01.2026 w sprawie wprowadzenia zmian do Statutu Fundacji)<\/li><\/ul><p>\u00a0<\/p>\t\t\t\t\t\t\t\t<\/div>\n\t\t\t\t<\/div>\n\t\t\t\t\t<\/div>\n\t\t<\/div>\n\t\t\t\t\t<\/div>\n\t\t<\/section>\n\t\t\t\t<\/div>\n\t\t","protected":false},"excerpt":{"rendered":"<p>Statut Fundacji Nobis (Za\u0142\u0105cznik do Uchwa\u0142y nr. 01\/2026 Zarz\u0105du Fundacji NOBIS z siedzib\u0105 w Gda\u0144sku z dnia 01.01.2026 w sprawie wprowadzenia zmian do Statutu Fundacji) \u00a0<\/p>\n","protected":false},"author":2,"featured_media":0,"parent":0,"menu_order":0,"comment_status":"closed","ping_status":"closed","template":"","meta":{"give_campaign_id":0,"footnotes":""},"class_list":["post-870","page","type-page","status-publish","hentry"],"campaignId":"","_links":{"self":[{"href":"https:\/\/fundacjanobis.pl\/index.php\/wp-json\/wp\/v2\/pages\/870","targetHints":{"allow":["GET"]}}],"collection":[{"href":"https:\/\/fundacjanobis.pl\/index.php\/wp-json\/wp\/v2\/pages"}],"about":[{"href":"https:\/\/fundacjanobis.pl\/index.php\/wp-json\/wp\/v2\/types\/page"}],"author":[{"embeddable":true,"href":"https:\/\/fundacjanobis.pl\/index.php\/wp-json\/wp\/v2\/users\/2"}],"replies":[{"embeddable":true,"href":"https:\/\/fundacjanobis.pl\/index.php\/wp-json\/wp\/v2\/comments?post=870"}],"version-history":[{"count":15,"href":"https:\/\/fundacjanobis.pl\/index.php\/wp-json\/wp\/v2\/pages\/870\/revisions"}],"predecessor-version":[{"id":1210,"href":"https:\/\/fundacjanobis.pl\/index.php\/wp-json\/wp\/v2\/pages\/870\/revisions\/1210"}],"wp:attachment":[{"href":"https:\/\/fundacjanobis.pl\/index.php\/wp-json\/wp\/v2\/media?parent=870"}],"curies":[{"name":"wp","href":"https:\/\/api.w.org\/{rel}","templated":true}]}}